visor of 15 and o?
15
Suppose 0 = -18*p + 19*p - 2. What is the highest common divisor of p and 3?
1
Let o be 2/(-3) - 51/(-9). Let y(d) = 47 + 6 - 1 + 19 - 3*d. Let j be y(23). Calculate the greatest common divisor of o and j.
1
Suppose 4*y + 732 + 212 = -2*r, 5*y - 5*r + 1150 = 0. Let b = -117 - y. What is the greatest common divisor of b and 13?
13
Let k(v) = v**2 - v + 1. Let y be k(5). Let l be (6/y + (-384)/21)*-1. Let u be 6/(-1)*3/(-2). Calculate the highest common factor of l and u.
9
Suppose 0 = 23*b + 24*b - 376. Calculate the greatest common divisor of 10 and b.
2
Let g be 2700/126 - (-3)/(-7). Let a = 5 + 9. What is the highest common divisor of g and a?
7
Let m(l) = -l**2 + 2*l + 3. Let f be m(0). Let n(b) = 3*b**2 + 2*b - 10. Let w be n(f). Calculate the greatest common divisor of w and 69.
23
Let b be 2 - 9*4/(-12). Let t(p) = -15*p + 5. Let u be t(-5). What is the highest common factor of u and b?
5
Let z = -101 + 104. Suppose 0 = l - w - 9, 22 = 5*l - 3*l - z*w. Calculate the greatest common divisor of l and 40.
5
Let c = -318 - -336. What is the highest common divisor of c and 27?
9
Let z(m) = 5*m**2 - 8*m + 13. Let f be (6 - 1) + (2 - 1). Let t be z(f). What is the highest common divisor of t and 29?
29
Suppose 3*h + 2*h = -3*a, 30 = -3*a + 5*h. Let t be 308/20 - (-2)/a. Let l = 146 - 86. Calculate the highest common divisor of l and t.
15
Let u be (25 - 23)/(2/3). Suppose 64 = 5*n - 101. What is the highest common factor of u and n?
3
Let q = 501 + -306. Let w be 2 + 2/(-1) - -15. What is the greatest common factor of q and w?
15
Let c(k) = -k**2 - 38*k + 666. Let t be c(-51). Suppose -4*p = 0, 3*d + 3*p - 48 = d. What is the highest common divisor of t and d?
3
Let c be -3*1/2 + (-2)/(-4). Let z be (13 - c)*8/8. What is the greatest common divisor of 35 and z?
7
Let m be 20/32*4*(5 - 3). Let z be 4/2 + -2 - -5. Suppose 268 = 3*t - z*r, t + 116 = 2*t + m*r. Calculate the greatest common factor of 12 and t.
12
Let p = -1691 + 1743. Calculate the greatest common divisor of p and 598.
26
Let q(g) be the second derivative of g**4/12 - g**2/2 + 5*g - 6. Suppose 5*j - j - 24 = 0. Let l be q(j). What is the greatest common factor of l and 280?
35
Let y(t) = t**3 - 5*t**2 + 6*t - 5. Let c be y(4). Suppose 19 - 3 = 4*p. Suppose r - 7 = -p. Calculate the highest common factor of r and c.
3
Suppose -f + 5*n = 5, 4*n + 54 = -f - 4*f. Let y be (22 + -13)*f/(-3). What is the greatest common factor of y and 10?
10
Let u(g) = g**3 - g**2 - 3*g - 4. Let d be u(3). Suppose 0 = -d*x + 2*b - 6*b + 28, 3*x + b - 21 = 0. What is the greatest common factor of x and 8?
8
Let l(o) = -o**3 - 17*o**2 - 17*o - 17. Let v be 12/42 - 228/14. Let y be l(v). Let u be y*(1 + 3)*-1. What is the highest common divisor of 20 and u?
4
Let q be (-2)/5 - (-827)/5. Let p be (13 + -1)*(-78)/8. Let z = p + q. What is the greatest common factor of z and 16?
16
Let a be (4 - 174/(-9))*(-18)/(-4). Let n be (24/(-14))/((-15)/a). Calculate the highest common divisor of 4 and n.
4
Suppose 16*g = 13*g. Suppose g = -0*n - n + 39. What is the greatest common divisor of 429 and n?
39
Let x = 664 + -647. Let h be (-4)/(-14) - 1896/(-28). Calculate the highest common divisor of h and x.
17
Let q be ((-2)/2)/((-6)/(-27))*-2. What is the highest common divisor of 36 and q?
9
Let r = 11843 + -11766. Suppose 3 + 11 = 2*f. Calculate the greatest common factor of f and r.
7
Let y = 114 - 59. Let n be -2*(y/(-10) - -4). Calculate the highest common factor of 12 and n.
3
Suppose 2*s + 5*b - 116 = 4*b, 5*s - b - 276 = 0. Suppose -55 = -5*i + 3*q + q, 3*i - 4*q - 41 = 0. Calculate the highest common factor of s and i.
7
Let w be -2 - (-2 - 1 - -1). Suppose w*n - 80 = -n. Let c be 3 - (9 + 195)/(-12). What is the greatest common factor of n and c?
20
Let m = 16233 + -16170. Let g(c) = c**2. Let z be g(-3). What is the greatest common divisor of z and m?
9
Suppose 66*r = 59*r + 56. Suppose 3*d - 76 = -4*h, 2*d - 4*h = 19 + 25. Calculate the highest common divisor of r and d.
8
Let h be (-81)/(18/48*-2). Calculate the greatest common factor of 48 and h.
12
Let l be -25*(-16 + 8 + 0). Calculate the highest common factor of l and 25.
25
Let l = -231 + 243. Suppose 5*s = 4*r + 41, -s = 3*s - 3*r - 32. Suppose 0 = z + 3, 5*w + s*z = -11 + 416. What is the highest common factor of w and l?
12
Let j = -7 - -9. Suppose 5*p = -3*g + g + 67, 78 = 3*g + 3*p. Suppose -2*y + z - 3*z + 14 = 0, -g = -4*y + 3*z. Calculate the greatest common factor of j and y.
2
Let h be (-58)/(-609) + (-2768)/(-42). Calculate the highest common divisor of h and 242.
22
Let d = -3540 + 6740. What is the greatest common divisor of 25 and d?
25
Suppose -153*n + 145*n = -752. Calculate the highest common divisor of 47 and n.
47
Let b(a) = 15*a. Let f be b(1). Let c be ((-1)/2)/(5/90). Let z be (-3228)/54*-1 - 2/c. What is the greatest common factor of z and f?
15
Let l(c) = c**2 - 3. Suppose 3*n - 24 = 9*n. Let b be l(n). Calculate the highest common divisor of 13 and b.
13
Suppose 37 = 2*c + 3*b, 3*c = 2*b - 5 + 54. Suppose 0*o = -o + c. What is the highest common factor of 119 and o?
17
Let h be (-90797)/(-77) - (-16)/(-88). What is the greatest common divisor of 9 and h?
9
Let b = 355 - 316. What is the highest common factor of 13 and b?
13
Let u be 334/10 + (-6)/15. Let w be (-232)/36*-3 - (-4)/(-12). Let t = -16 + w. Calculate the highest common divisor of u and t.
3
Let n = -4 + 62. Let f be 121 - ((-6 - -3) + 4 - -7 - 3). Calculate the greatest common factor of f and n.
58
Let u(a) = -a**2 + 42*a + 25. Let q be u(33). Calculate the greatest common factor of 92 and q.
46
Let s(r) = -2*r + 5. Let y be s(-7). Suppose -u - 3*t = -4, -4*u + y = t - 41. Let j be 2 + (0 + -1 - -3). What is the highest common divisor of u and j?
4
Let u be 11/(1/(-3 - -42)). Suppose 0*o = 3*o - u. Calculate the highest common factor of o and 13.
13
Let x(k) = -7*k + 15. Let n be x(12). Let u = 89 + n. What is the highest common factor of u and 4?
4
Let q = -1 - -12. Suppose 4*l = -4*m + 7*m, 2*m + l = -11. Let i be 1/(-2)*(-18 + m). Calculate the greatest common factor of q and i.
11
Suppose 3*d + 0*d + 4*p = 7, -2*d = 5*p. Let i be ((-4)/d)/((-4)/10) - -37. What is the highest common factor of 52 and i?
13
Let j(v) = -v**2 - 7*v + 13. Let y be j(-8). Calculate the greatest common factor of y and 45.
5
Let d be (-1 - 230/(-8))*96/36. Let i = -47 + d. What is the greatest common factor of i and 108?
27
Suppose 4*i + 19 = 3*p, 0 = -4*p + i + 5 + 3. Let t be (6/(-4))/(20/(-120)). Suppose 9*f - t = 6*f. Calculate the highest common factor of f and p.
1
Suppose -l + 30 = -2*l. Let y be l/5 - -4 - -29. What is the greatest common factor of 27 and y?
27
Suppose -3*q + 1243 = l, -2*l - 17*q = -15*q - 2506. Calculate the greatest common factor of l and 17.
17
Let j(g) = g**3 + 12*g**2 + 11*g + 15. Let f = -6 - -5. Let r be 0 + -9 + f + 0. Let k be j(r). Calculate the highest common divisor of k and 15.
15
Let k = -384 - -393. What is the highest common factor of k and 45?
9
Suppose 2*h = -86 + 102. Let k(p) = -p**3 + p + 64. Let q be k(0). What is the highest common divisor of q and h?
8
Let w(j) = -24*j - 944. Let m be w(-43). Calculate the highest common divisor of 11 and m.
11
Let t(y) be the third derivative of y**5/30 + y**4/6 - y**3/6 - 7*y**2. Suppose 3*d + d + 16 = 0. Let u be t(d). What is the highest common factor of 3 and u?
3
Suppose 5 = -c + 3*z, 4*c + 6*z + 36 = 2*z. Let l be (-4 - -1)/(12/c). Suppose l*s = s + 36. What is the greatest common divisor of 24 and s?
12
Suppose 6*f - 251 + 17 = 0. Calculate the highest common divisor of f and 247.
13
Let f = -201 - -203. What is the greatest common factor of 122 and f?
2
Suppose 4*u - 14 = 2*g - 4*g, 2*g = 3*u. Suppose -g*a + 168 = 45. Let r = a + -26. Calculate the highest common divisor of 5 and r.
5
Let y(j) be the second derivative of 179*j**5/4 + j**4/6 - j**2/2 - 6*j. Let i be y(1). Let p be 0/1 - i/(-8). Calculate the highest common divisor of p and 14.
14
Let k(p) = -p**2 + 7*p + 26. Let l be k(8). What is the greatest common divisor of l and 594?
18
Let s(y) = y**2 + y + 1. Let f(g) = g**2 - 12*g + 13. Let v(l) = f(l) - 3*s(l). Let b be v(-8). What is the highest common factor